Suppose 0 = 4*z - 3*b - s, -4*b + 33 + 11 = 3*z. What is the remainder when 94 is divided by z?
6
Let d(x) = x**3 - 12*x**2 - 6*x - 54. Let w be d(13). Suppose 14*m - 10*m - o = 69, 2*m - w = o. What is the remainder when 21 is divided by m?
5
Let m = 137 + 223. Suppose 0 = 12*p - 22*p + m. What is the remainder when p is divided by 40/6*9/6?
6
Let a(m) = 6*m**2 + m + 1. Let c be 3/(-2) - (-1)/2. Suppose -98*s - 114 = 7*s - 3789. What is the remainder when s is divided by a(c)?
5
Let y = 30 + -28. Let j(n) = 2*n**3 + 0 - 7 + 2*n + 0 + 2*n**y + 2. Calculate the remainder when j(2) is divided by 6.
5
Calculate the remainder when (-1 - (-77 + 27)*41/2)*1 is divided by 25.
24
Suppose -6475 - 9845 = -192*l. What is the remainder when l is divided by (3/(-6) + 2)*16?
13
Suppose 0 = -3*t - 2*r - 828 + 245, 2*t + 390 = -r. Let u = -140 - t. Let v = 12 - -4. Calculate the remainder when u is divided by v.
9
Let a = 7545 - 6463. What is the remainder when a is divided by 78?
68
Let i(z) = -84*z - 244. Let x be i(5). Let o = x - -693. Calculate the remainder when 106 is divided by o.
19
Let d(j) be the first derivative of -j**4/4 - j**3 + 5*j**2/2 + 2*j + 9. Let y be d(3). Let g = 47 + y. What is the remainder when 39 is divided by g?
9
Suppose 3*s - 4 - 65 = 0. Suppose 2*h - 134 = -2*o, -2*h + 119 = -5*o - 22. What is the remainder when h is divided by s?
22
Let v(s) = s**3 - 10*s**2 + 11*s - 8. Let f = 235836 - 235778. Calculate the remainder when f is divided by v(9).
8
Suppose 4*b + 186 = 34. Let i = -12603 - -12615. What is the remainder when (b/(-6))/((-2)/(-30)) is divided by i?
11
Let i(x) be the first derivative of x**4/4 - 14*x**3/3 + 13*x**2/2 - 109*x - 56. Calculate the remainder when i(14) is divided by 19.
16
Suppose -82*k = -80*k - h - 33, 2*h + 51 = 3*k. What is the remainder when 326 is divided by k?
11
Suppose 5*f + 4*g + 124 = 5*g, -5*f = g + 116. Let x be -3*(8/f)/((-1)/2). Calculate the remainder when ((-4 - x) + 0)/(3/(-168)) is divided by 29.
25
Suppose -4*t = 2*x + 46, 0*x = -4*x - 2*t - 74. Let b = x + -72. Let n = b + 94. What is the remainder when 18 is divided by n?
3
What is the remainder when 165 is divided by (-5)/((3525/630)/(-47))?
39
Let p(j) = -j**2 - 6*j + 10. Let t be p(-9). Let i(l) = 2*l + 77. What is the remainder when 600 is divided by i(t)?
41
Let p(h) = -4 + 3 - 5 - 6*h - 1. Suppose 4*z + 8*q - 29 = 5*q, 0 = -2*z - 3*q + 19. Calculate the remainder when p(-4) is divided by z.
2
Let g be -2 - (-40)/(1 + -3). Let v = g - -55. Suppose -5*r - 3*a = -621, 2*r + 3897*a - 3902*a - 298 = 0. Calculate the remainder when r is divided by v.
30
Suppose 4*n - 14*n = -2*n - 488. Calculate the remainder when 310 is divided by n.
5
Let v = -21 - -29. Let h(o) = -o**3 - 2*o**2 + o + 97. Let m be h(0). Suppose 100*z - 87 = m*z. Calculate the remainder when z is divided by v.
5
Let y(p) be the first derivative of p**3/3 + 5*p**2/2 - 32*p + 5. Let w be y(-10). Suppose 5*d + 91 = w*d. What is the remainder when 17 is divided by d?
3
Calculate the remainder when 2/(-3)*-1*(302 - -226) is divided by 119.
114
Let h(n) = 43 - 2*n**2 - n + 26*n + 0*n**2 + 3*n**2. Suppose -3*i + 1496 = 5*i. What is the remainder when i is divided by h(-24)?
16
Suppose -4*k = -4*s - 976, -23*s = -34*k - 22*s + 8296. Calculate the remainder when 1687 is divided by k.
223
Let i be (-1048)/24 - (-2)/3. Let b = -45 - i. Calculate the remainder when (24/9)/(b/(-18)) is divided by 15.
9
Suppose 4*p + 10*w - 56 = 11*w, 85 = 5*p - 5*w. What is the remainder when 1129 is divided by p?
11
Let q = -10136 + 10146. Calculate the remainder when 319 is divided by q.
9
Let g(q) = -15*q - 24. Let s be g(-5). Suppose 4*v - 72 = -4*o, 3*v - s = -2*o - 2*o. Suppose 44 = -5*d + 459. What is the remainder when d is divided by v?
20
Let a(l) = -16*l - 185. Let g(c) = 7*c + 92. Let r(n) = -3*a(n) - 5*g(n). What is the remainder when 247 is divided by r(-5)?
7
Suppose 2*u + 32*i - 1858 = 30*i, -2*i - 923 = -u. What is the remainder when 2793 is divided by u?
12
Suppose -40*s = 25*s - 9*s - 9856. What is the remainder when s is divided by 2?
0
Suppose 39 = 15*j - 141. What is the remainder when 55 is divided by -339*(-11)/198 + 2/j?
17
Let l be 72/42 + (-4)/(-14). What is the remainder when ((-5)/30 - 0) + (-1430)/(-12) is divided by (3/2)/(l/40)?
29
Let q = 407 - 365. Calculate the remainder when -18*1/(-8)*(91 + -3) is divided by q.
30
Let l = 3930 + -3096. Calculate the remainder when l is divided by 28.
22
Let h = -32 + 66. Calculate the remainder when h is divided by 4/(-18)*-1 - 5952/(-432).
6
Suppose -8169 = -9*w - 24. What is the remainder when w is divided by 16?
9
Suppose -5*p = -2*h + 21, 38 - 131 = -5*h - p. Let f = 1030 + -730. Let y = f - 216. What is the remainder when y is divided by h?
12
Suppose -4*h - 3*n + 93 = -74, -5*n = 2*h - 73. Let l = 29 + 58. Calculate the remainder when l is divided by h.
43
Calculate the remainder when 583 is divided by 1664/78 - 2/6.
16
Suppose -5*y = -j - 498, 4*j + 2694 = -3*y + 3002. Calculate the remainder when 377 is divided by y.
77
Suppose 0 = -6132*a + 6120*a + 2100. What is the remainder when 375 is divided by a?
25
Let t(g) = -g**2 - 8*g + 4. Let n be t(-6). What is the remainder when 53 is divided by (4/(n/(-22)))/((-4)/8)?
9
Let c = 6428 + -6130. Calculate the remainder when 625 is divided by c.
29
Let g(s) = -884*s - 3162. What is the remainder when g(-6) is divided by 113?
108
Let x = -7731 + 7786. What is the remainder when 467 is divided by x?
27
Let t(q) = 23*q**3 + q**2. Let m be t(1). Suppose -m*o = -133 - 467. Suppose 141 + 59 = 5*i. Calculate the remainder when i is divided by o.
15
Let c(s) = 264*s + 1924. Calculate the remainder when 686 is divided by c(-6).
6
Suppose 41*m = 33*m - 2*z + 5268, -30 = 5*z. What is the remainder when m is divided by 168?
156
Suppose 0 = -r + 6 + 62. What is the remainder when r is divided by (13 - (-5)/(165/(-418))) + 41/3?
12
Let p be 5 - (2 - (19 - 1)). Let a = p - 6. Suppose 11*y - a*y = -36. Calculate the remainder when 41 is divided by y.
5
Let z(m) = m**3 + 11*m**2 - 19*m - 68. Let f = 546 - 558. What is the remainder when 61 is divided by z(f)?
13
Let y(i) = -186*i - 3. Let v(c) = 124*c + 2. Let b(z) = -8*v(z) - 5*y(z). What is the remainder when b(-2) is divided by (-2 + 14)*12/16?
6
Suppose -22*v + 20*v = -36. Let g be 104/v + 20/90. Suppose y + 5 = 0, y = -2*d - g + 21. Calculate the remainder when 69 is divided by d.
9
Suppose 5877 + 3342 = 5*u + 449. Calculate the remainder when u is divided by 144.
26
Let v = -4361 - -4449. Calculate the remainder when 514 is divided by v.
74
Suppose -79 = 5*y - 2*f - 0*f, 12 = -4*f. Let p = 7246 + -7227. What is the remainder when 12*(y/(-3) - -2) is divided by p?
16
Let f(y) = -y**3 + 19*y**2 + y + 11. Let h be f(19). Suppose -4*r - k = -26, 10 = -2*r + 3*k + h. What is the remainder when 29 is divided by r?
1
Let n(l) be the third derivative of l**4/12 - 7*l**3/6 + 153*l**2. What is the remainder when 80 is divided by n(10)?
2
Let t(z) = -160*z - 2266. What is the remainder when t(-16) is divided by 184?
110
Suppose 8 = 3*x - 4. Calculate the remainder when 6*(-2)/(-6)*26 is divided by 1*(22 - 2) - (x + -2).
16
Suppose -3*j + 0*i + 3*i = 81, -4*j = -3*i + 103. Let d(a) = 2*a**3 + 43*a**2 - 25*a - 32. Calculate the remainder when 214 is divided by d(j).
10
Let s(r) = 10*r**2 + 96*r + 97. What is the remainder when s(-39) is divided by 269?
265
Let s(u) = 16 + 3*u**2 + 6*u - 54 + 31 + u**2. What is the remainder when 626 is divided by s(-3)?
10
Suppose 0*t = 5*t + 2*p - 1882, -5*p = -3*t + 1123. Let n = 392 - t. What is the remainder when n is divided by 12?
4
Suppose 3*j = 5*j - 10. Calculate the remainder when (j + -6 + 1 + 1)*73 is divided by ((-2)/(-9) + 685/(-45))*-1.
13
Let d = -284 + 608. Calculate the remainder when 134 is divided by ((-4)/(-6))/(8/d).
26
Suppose -377*q + 640 = -361*q. Calculate the remainder when 180 is divided by q.
20
Suppose -5*d - 2*d - 2032 = -2480. What is the remainder when 27005 is divided by d?
61
Let k(p) = -p**3 - 2*p**2 + 10*p + 11. Suppose 0 = 649*r - 744*r + 35625. What is the remainder when r is divided by k(-6)?
90
Let o(k) = -218*k + 7932. What is the remainder when o(-44) is divided by 1